(9/15 - 0). Let n be 0/(25/35 + (-12)/(-42)). Suppose n = h - 3, 8*d - c*d + 5*h - 310 = 0. List the prime factors of d.
59
Suppose -83*t - 97728 = -57*t - 50*t. What are the prime factors of t?
2, 509
Suppose 20*t - 2*t = 26334. Let v = 2684 - t. List the prime factors of v.
3, 11, 37
Let r = -18053 - -31030. List the prime factors of r.
19, 683
Suppose 4*h = 48 - 8. Let m be 18/30 + (-36)/h. Let d(f) = 7*f**2 + 2*f - 7. List the prime factors of d(m).
2, 5
Let j(v) = 4*v - 5. Suppose 0 = 3*c - 3*c - c. Suppose c = 5*l - 2*t - 20, 5*l + 0*t + 4*t = -10. List the prime factors of j(l).
3
Let b = -189 + 190. Suppose -w + 5*k = -3, 2*w + k - 6 = -0*k. What are the prime factors of (-159)/(-9)*(w - 0)/b?
53
Suppose 2636 = -2*g - 2*g + 4*b, 2*g = 3*b - 1318. Let a = g - -1178. What are the prime factors of a?
3, 173
Let w = 173 - 189. List the prime factors of (-3292)/(-28) + w/28.
3, 13
What are the prime factors of (-8 + -16 + 136)/(3/1731)?
2, 7, 577
Let s(f) = 386*f + 13932. What are the prime factors of s(73)?
2, 5, 4211
Let p = 5 + 150. Suppose 3*o + w - 161 = p, -2*w = -o + 110. Let s = 185 - o. What are the prime factors of s?
79
Let i(m) = 110*m**2 - 2*m. Suppose -1 = 3*a + 5. Let q be i(a). Suppose 7*t + 101 = q. List the prime factors of t.
7
Let m(s) = 224*s - 48. Let y = 236 - 232. List the prime factors of m(y).
2, 53
Let c = -459 - -187. Let v = -406 - c. Let s = 195 + v. What are the prime factors of s?
61
Suppose 44*f - 1312 = 3*f. Suppose 11928 = f*y - 6600. What are the prime factors of y?
3, 193
Let a = 13925 + -8377. What are the prime factors of a?
2, 19, 73
Suppose 5*t - 3*h = 5152 + 13846, -4*h + 3818 = t. What are the prime factors of t?
2, 1901
Let x(y) = y**2 - 30*y + 54. Let l be x(29). Let u(q) = -7*q + 244. List the prime factors of u(l).
3, 23
Let q be (-1533)/4 - (-18)/72. Let h = -22 - q. List the prime factors of h.
19
Let c = -42 + 516. List the prime factors of c.
2, 3, 79
Let y(a) be the third derivative of -a**6/120 - a**5/4 + 5*a**4/8 - a**3 - 28*a**2. Let r be y(-16). List the prime factors of ((-118)/r)/(7/(-35)).
59
Suppose 5*g - 5*d - 531111 + 133206 = 0, 5*g - 397945 = -3*d. List the prime factors of g.
2, 13, 3061
Suppose -2*l + 5*l - 5*k + 9 = 0, 5*l - 2*k = 4. Suppose 4*n + 188 = l*h, -2*h + 3*n = 2*h - 371. List the prime factors of h.
2, 23
Suppose -637*m = -617*m - 1767352 + 531212. What are the prime factors of m?
19, 3253
Suppose -55*c = -156*c + 29189. What are the prime factors of c?
17
Suppose 213 = 5*c + 4*l, -5*c - 11*l = -9*l - 209. Suppose -c*p + 27886 = -2577. What are the prime factors of p?
743
Let y = -171002 + 254882. List the prime factors of y.
2, 3, 5, 233
Let r be 21 + -1 - (3 - (-3 + 7)). Suppose -5*i = -3*j - r, 0 = -j - 3*j - 8. Suppose -i*s + 3375 = 12*s. List the prime factors of s.
3, 5
Let k(g) = -5*g + 391. Let b be k(-19). List the prime factors of (12 - (9 + -2)) + b.
491
Suppose -13*g + 11*g + 708 = 0. What are the prime factors of g?
2, 3, 59
Let j(t) = 11*t**2 - 5*t - 3. Let w be j(4). Suppose i - 3*u - w = 221, -2*i = -2*u - 740. What are the prime factors of i?
2, 23
Let t be (-8 - -2)/((-1)/((-834)/(-12))). Let s = 53 + t. What are the prime factors of s?
2, 5, 47
Let o(g) = 119*g - 109*g + 2*g**2 - 11*g**2 + 56*g**2 - 9. List the prime factors of o(-4).
19, 37
Let h = 26866 + -1670. List the prime factors of h.
2, 6299
Suppose 5*k + 940 = -5*z, 2*k + 422 = -5*z + 46. Let c = 83 + k. Let p = 169 + c. List the prime factors of p.
2
Let t(q) = 700*q - 65. Let b be t(11). Suppose 18*m - b = -543. List the prime factors of m.
2, 197
Let d(y) = -y**2 - 3*y + 2. Let t be d(-3). Suppose -52 = 2*f + t*v, 3*v = 4*f + 14 + 55. What are the prime factors of ((-9)/2)/(f/210)?
3, 5
Let f(q) = -18*q - 88 - 3*q - 31 + 28. List the prime factors of f(-15).
2, 7
Let g be -12*(-4)/64*-12. List the prime factors of 4*12/20*(-1830)/g.
2, 61
Let h(t) = 2797*t + 550. What are the prime factors of h(4)?
2, 5869
Let o(c) = c**3 + 2*c**2 - 3*c. Let h be (2 - 3)/(-1) + -4. Let y be o(h). Suppose y = -5*g - 5*x + 450, 0*x = g - x - 98. List the prime factors of g.
2, 47
Let h(f) be the third derivative of -7*f**2 + 0*f - 1/60*f**5 - 3/2*f**3 + 0 - 17/24*f**4. List the prime factors of h(-8).
3, 7
Let r be ((-12 - -9) + (-46)/(-1))/1. Let q = r + -41. List the prime factors of (1/q)/((-4)/2016*-3).
2, 3, 7
Let k be 13/39 - 4492/(-6). Suppose 0 = 3*r + 2*h - 450, -3*r - 3*h = 2*r - k. List the prime factors of r.
2, 37
Let w be 6 + (5 + -6 - 2). Suppose 1886 = w*t + 5*p, 5*t - 5*p = -449 + 3579. List the prime factors of t.
3, 11, 19
Suppose 2*w + v = 1248, 2*w - 9*w - 4*v = -4369. Let y = w - 279. List the prime factors of y.
2, 43
Suppose 0 = 72*y - 122*y + 1500. Let l = 18 - 26. What are the prime factors of l/10 - (4 + (-3564)/y)?
2, 3, 19
Let b(d) = 5*d**2 - 4*d + 9. Let y(h) = -4*h**2 + 4*h - 9. Let q(k) = 5*b(k) + 6*y(k). Let o = 1422 + -1416. What are the prime factors of q(o)?
3, 17
Let b be (6 - (11 + -7)) + (-6)/(-2). Suppose 0 = b*o - 334 - 51. Suppose -2*d - 3*d = w - o, -2*w + 214 = -5*d. List the prime factors of w.
97
Let k be 20/(-1 - 3) + 7. What are the prime factors of (6 + 110)/(-1*k/(-10))?
2, 5, 29
Suppose -4*y + 2*g - 86 = 0, y + 4*g - 3*g = -29. Let j be (-16)/y*((-9)/6)/(-1). Suppose t - 5 = -f + j, -t = -3*f - 10. What are the prime factors of t?
7
Let g(t) = t**2 + 5*t - 12. Let z be g(-7). Let c be (3 - 4 - z)*-37. Suppose -75*y + 74*y + c = 0. What are the prime factors of y?
3, 37
Suppose -13*h = -10*h - 29*h + 188656. What are the prime factors of h?
2, 907
Let u = -10848 - -66474. List the prime factors of u.
2, 3, 73, 127
Let r(h) = -h**3 + 32*h**2 - 60*h + 5. Let b be r(30). Suppose -4*m - 2*o - 1626 = -7*m, 2710 = b*m + 5*o. What are the prime factors of m?
2, 271
Let f = 2116 + 3543. What are the prime factors of f?
5659
Let w be 35/21*66/55. Suppose 0 = -w*v - 691 + 2037. List the prime factors of v.
673
Suppose 0 = 5*v - 5*k - 5, 5*v - 7 = 5*k - k. Suppose b + 2225 = 5*o, v*o = 5*b - b + 1335. Suppose o = 10*p - 415. What are the prime factors of p?
2, 43
Let n = 79 - -1065. Let d = n + -680. List the prime factors of d.
2, 29
Let z(r) = 1055*r**3 + 2*r. Let d(g) = -2110*g**3 + g**2 - 3*g. Let p(j) = 3*d(j) + 5*z(j). What are the prime factors of p(-1)?
7, 151
Suppose 18*p = 104879 + 197914 + 81003. List the prime factors of p.
2, 7, 1523
Let u = 101986 + -43753. List the prime factors of u.
3, 7, 47, 59
Suppose 56*s - 1019132 - 84544 = 14*s. What are the prime factors of s?
2, 7, 1877
What are the prime factors of -5 + (18387/(-5))/((-179)/895)?
2, 7, 13, 101
Let i(c) = -3080*c + 509. What are the prime factors of i(-1)?
37, 97
Suppose 3067*u + 120014 = 3069*u. List the prime factors of u.
23, 2609
Let d = 18377 - 10983. List the prime factors of d.
2, 3697
Let v(i) be the second derivative of -7*i**3 - 9*i**2/2 - 22*i. Let y be v(-3). What are the prime factors of (y/(-6) + 0)*-6?
3, 13
Let w be 5/35 + (-40)/(-14). Suppose 5*g - i - 820 = -5*i, -5*i = -w*g + 529. Let x = g + -64. What are the prime factors of x?
2, 13
List the prime factors of (-3303)/(-7 + 65/10).
2, 3, 367
Let y(u) = u**2 + 77*u - 271. List the prime factors of y(-95).
1439
Let b(g) = g**2 + 40*g - 22. Let l(q) = -q**2 - 59*q + 32. Let o(m) = 7*b(m) + 5*l(m). What are the prime factors of o(-7)?
11, 19
Let o be 9/(-18)*2*(1 - 1). Suppose o = -8*p + 498 + 966. What are the prime factors of p?
3, 61
Suppose -6200*s = 6198*s - 12390*s - 329328. What are the prime factors of s?
2, 3, 2287
Suppose -3*d + 4*s = -114, 5*d - 9*s - 173 = -8*s. Suppose d*j = 33*j + 1412. What are the prime factors of j?
2, 353
Suppose n + 23268 = 15*n. Suppose -2*l - p = l - 1006, -5*l + 2*p = -n. List the prime factors of l.
2, 167
List the prime factors of -159*21*(-85)/45.
7, 17, 53
What are the prime factors of (782/(-289))/23 + (2 - 357072/(-34))?
2, 13, 101
Let r be (-153)/(-21) + -7 - 40/(-7). What are the prime factors of 488*(9/r + -1)?
2, 61
Let z be -81*81/(54/(-6)). Let k = -570 + z. List the prime factors of k.
3, 53
Let j(l) = -l**2 - 2*l. Let r(o) = -7*o - 9. Let b(f) = -2*j(f) - r(f). What are the prime factors of b(-10)?
3, 11
Suppose 2081*m - 2041*m = 1314800. List the prime factors of m.